
Suppose -w = 5*f - 125, -3*w + 4*f = -4*w + 124. Let l = 131 - w. What is the greatest common factor of l and 253?
11
Let c = 34 + -14. Let y = c - 5. Let x = y - 0. Calculate the greatest common divisor of 15 and x.
15
Let c be (-4 - -3) + 4/1. Suppose 23 = 3*s - v, c*v = 5*s - 2*s - 15. Suppose s*m = 14*m - 80. What is the highest common divisor of 112 and m?
16
Let o = 637 + -626. What is the highest common divisor of 121 and o?
11
Suppose 4*v - g - 5 = 0, 3*v + g = 13 - 4. Suppose -v*w + 50 = 3*w. Suppose u - 108 = -28. What is the greatest common factor of w and u?
10
Let y = 99 + -99. Let h be 0 - -2 - (-27 + 3 + y). What is the greatest common divisor of 13 and h?
13
Suppose -j + 68 - 18 = 5*t, -4*j + 108 = -3*t. Calculate the highest common divisor of 50 and j.
10
Suppose -54 = -32*o + 30*o. Let a(y) = y + 5. Let r be a(-6). Let l be (-16)/(-6) - r/3. What is the greatest common factor of o and l?
3
Suppose 30 = 28*b - 3*b - 470. Let j be (-836)/(-14) + (-4)/(-14). Calculate the greatest common divisor of j and b.
20
Let a = -583 - -588. What is the highest common divisor of 19 and a?
1
Let i(j) = j**3 - 14*j**2 - 15*j - 7. Let g be i(15). Let d = 17 - g. Calculate the highest common divisor of d and 3.
3
Let a(x) = 20*x + 395. Let p be a(-5). What is the greatest common factor of p and 5?
5
Suppose -3*m - 4*i = -4*m - 4, 0 = -4*m - 2*i + 2. Suppose 2*z - 3*z + 80 = m. Calculate the highest common divisor of z and 10.
10
Let f(x) = 25*x**2 - 60*x + 7. Let p be f(3). What is the greatest common divisor of 494 and p?
26
Suppose -3*d = 4*x - 128, 5*d + x - 256 = 5*x. Let g be 4/(4/120*3). Let j = g + -28. What is the greatest common factor of d and j?
12
Let m = 248 + -221. What is the highest common factor of m and 1?
1
Let v(f) = 12*f + 4*f**2 + 8*f - 10 - 10*f. Let o be v(1). What is the greatest common factor of 16 and o?
4
Suppose -96*u = 24202 - 101386. Calculate the greatest common divisor of 12 and u.
12
Let t = -29 - -110. Let s(h) = h**2 + 4*h - 36. Let n be s(5). What is the greatest common divisor of t and n?
9
Let h be 9/(-6) - 27/12*-6. What is the highest common divisor of 3 and h?
3
Let i be 3 + (6/3)/2. Suppose -2*f = -i, f = 2*x + 2*f - 10. Suppose 0*o - x*o + 4 = 0. Calculate the highest common factor of o and 11.
1
Let d be (-18 + 38)*1*1/2. Let j be (5 - 7)*90/(-4). Calculate the highest common divisor of d and j.
5
Let j(l) = -3*l**3 - 3*l**2 + 4*l. Let g be j(-4). Let y = -9676 - -9684. Calculate the greatest common divisor of g and y.
8
Let n(q) = 10*q + 105. Let h be n(0). Calculate the greatest common factor of 147 and h.
21
Let g = 281 - 257. Calculate the highest common factor of g and 1464.
24
Suppose 5*d + 8*d = 9*d. Suppose -3*y + 3 - 8 = 2*q, d = 4*q - 2*y - 14. Calculate the highest common divisor of q and 10.
2
Let v(y) be the second derivative of -y**5/20 + 3*y**4/4 - y**3/3 + 21*y**2/2 + 4*y. Let x be v(9). What is the highest common factor of x and 6?
3
Let u = 49 + -39. Suppose -i + 5*i - 44 = 3*d, -u = -i + d. Calculate the greatest common divisor of i and 42.
14
Suppose 2*o = 97 - 9. Let m = -6 + 17. What is the greatest common factor of m and o?
11
Let w be 56 - -4*(-6)/24. What is the highest common divisor of w and 10?
5
Let s(p) = -p**2 - 6*p - 3. Let o be s(-4). Suppose 4*d - 36 = -2*d. Suppose -4 - d = -5*b. What is the highest common divisor of b and o?
1
Let i(d) = d**2 + 20*d + 101. Let z be i(-13). Let g be 16/2*65/2. Let c = -180 + g. Calculate the greatest common divisor of z and c.
10
Suppose 15 = 6*u - 21. Let n be u/(((-2)/(-16))/(5/30)). Calculate the greatest common factor of 64 and n.
8
Let t(m) = -16*m - 120. Let o be t(-10). What is the highest common factor of 24 and o?
8
Let q(z) = 5*z**2 - 2*z - 3. Let a be q(3). Let d be -22*(-9)/3*(-1 + 0). Let r = d - -78. What is the highest common factor of a and r?
12
Let j(b) = -2*b**3 - 9*b**2 - 2*b. Let h be j(-6). Let g(i) = -4*i**3 - 3*i**2 - i + 2. Let a be g(-2). What is the greatest common factor of h and a?
24
Let u = 5 + -3. Suppose -5*z = -u*o + 5*o - 41, 5*z = 5*o - 15. Let h = 708 - 680. Calculate the greatest common factor of h and o.
7
Suppose -45*g + 40*g + 10 = 0. Calculate the greatest common divisor of g and 64.
2
Let x be ((-130)/4 - 0)/((-7)/(-14)). Let c = x + 89. Calculate the highest common factor of c and 96.
24
Suppose j = 2*u + 28, 5*u - 17 + 77 = 2*j. Suppose -520 = -5*c + 4*z, c = 5*c - 4*z - 420. Calculate the greatest common factor of j and c.
20
Let p(t) = 4*t - 8. Suppose 2*l = 16 + 104. Suppose -b + 3*j + 4 + 18 = 0, -l = -4*b + 5*j. Let k be p(b). What is the greatest common factor of 4 and k?
4
Let r be 2512/28 + -3 + (-4)/(-14). What is the greatest common divisor of 116 and r?
29
Let b(o) = o**3 + 15*o**2 - 3*o - 35. Let f be b(-15). Calculate the highest common divisor of 250 and f.
10
Let l = 20 + -66. Let k be l/8*14*-2. Suppose 3*n + 0*n + 4*h = 69, 4*n + h = 92. What is the highest common divisor of n and k?
23
Let j = -9 + 9. Suppose -5*d - 2*m - 3*m - 15 = j, 0 = -m + 1. Let b = 13 + d. Calculate the greatest common factor of b and 9.
9
Let j be 20/(-110) - 9860/(-22). Suppose -q - 4*l = -124, 0*l = -4*q - 4*l + j. Calculate the highest common divisor of q and 36.
36
Let f(h) = h**2 - 9*h - 13. Let p be f(8). Let r = 1 + p. Let b = r - -23. Calculate the greatest common divisor of b and 3.
3
Suppose 4*o + 3*p - 71 = 0, -5*o + 39 = -3*p - 70. Calculate the greatest common divisor of o and 25.
5
Suppose 6*w = 4*w - 4*b + 54, -3*w + 59 = -5*b. Calculate the greatest common divisor of 23 and w.
23
Let k(p) = -26*p - 933. Let b be k(-36). Calculate the highest common factor of 22 and b.
1
Suppose 65 = 9*r - 16. Suppose -r*x = -6*x - 285. What is the highest common factor of 38 and x?
19
Let s = -807 - -1132. Calculate the highest common divisor of 100 and s.
25
Suppose -12*v = -54*v + 1008. What is the highest common divisor of 16 and v?
8
Let i be (-138)/(-10) + 7/35. Suppose 0*t + i = 7*t. Suppose -t*k = 1 - 7. What is the highest common factor of 24 and k?
3
Suppose 2*u - 7*u = -3*f - 31, -5*f = 2*u. Suppose u*j - 67 + 52 = 0. Calculate the highest common factor of 3 and j.
3
Let d(p) = p**3 - 3*p**2 - 9*p + 1. Let h be d(6). Let k be 10 - 0 - (-2)/(-4)*(-78)/39. Calculate the greatest common divisor of h and k.
11
Suppose -12 = -2*z + 12. Suppose -160*i + 1152 = -136*i. What is the greatest common factor of z and i?
12
Let i be 2 - 2 - (0 - 2). Suppose i*w = 5*w - 12. Suppose w*u = 5*u - 58. What is the greatest common factor of 145 and u?
29
Let r = 148 - -7. What is the greatest common factor of 341 and r?
31
Let o be (12 - 15)/(3/(-97)). Suppose -o = -4*y + 103. Calculate the highest common divisor of y and 125.
25
Let z be 2/6*(2 + -8 - -30). Let o be ((-291)/2)/(-1) - 12/z. What is the highest common divisor of 16 and o?
16
Let a(y) = y + 28. Let i be a(-8). Let p = -91 + 231. Calculate the highest common divisor of i and p.
20
Suppose -8*j + 13*j = -15, -573 = -3*d - 3*j. What is the greatest common divisor of 2 and d?
2
Let y = 291 + -88. Calculate the highest common factor of y and 58.
29
Let b = 144 - 118. Let h = b - 23. What is the highest common factor of h and 9?
3
Suppose -3*k + 88 = d, 2*d + 10*k - 5*k - 172 = 0. Calculate the greatest common divisor of 8 and d.
4
Let i(s) = -s**3 - 12*s**2 - 3*s + 7. Let l be i(-9). Let m = l - -304. Suppose 3*k = -2*k + m. Calculate the greatest common factor of 95 and k.
19
Let b(n) = -n - 3. Let d be (4 - 10)*(-1)/2. Let h be b(d). Let i be (-4)/(-2) + h + 16. Calculate the highest common factor of 12 and i.
12
Let z(o) = o**2 - 4*o + 10. Let m be z(5). Suppose -5*y - m = -110. Let x = -61 - -232. Calculate the highest common factor of y and x.
19
Let a = 5 + 2. Let l be (-1 - (4 + -8)) + 3. Suppose 3*q + l = 9*q. What is the highest common factor of q and a?
1
Let m = 29 + -17. Suppose 0 = 6*k - 8*k + 162. Suppose 5*u + k = 261. What is the highest common factor of u and m?
12
Let t be 5229/21 - 4*-1. Calculate the greatest common factor of 23 and t.
23
Let a = -29 - -29. Suppose a = -f + 12 + 3. What is the highest common divisor of 6 and f?
3
Let d(f) = -f**2 + 10*f - 10. Let y be d(8). Let s(q) = 2*q**3 - 19*q**2 - 10*q + 3. Let j b